 s(3)?
-11
Let x(g) = 4*g**2 + 5*g + 4. Calculate x(-3).
25
Let s(b) = b**3 - 10*b**2 - 10. Give s(9).
-91
Let m(i) = 21*i. Determine m(-2).
-42
Let r(v) = v**3 + 5*v**2 - 10*v + 2. Give r(2).
10
Let a(k) = k**3 - 8*k**2 + 6*k - 7. Determine a(7).
-14
Let s(b) = -b**3 - 8*b**2 - 9*b - 13. Give s(-7).
1
Let s(d) = -d**3 - 12*d**2 - 4*d + 3. Determine s(-12).
51
Let l(d) = d**3 - 39*d**2 + 74*d + 1. Determine l(37).
1
Let a(o) = -8*o + 4. Give a(-2).
20
Let v(g) = 4*g**2 - 37*g + 19. Give v(8).
-21
Let x(c) = -9*c**2 - 11*c + 32. What is x(3)?
-82
Let h(y) = 44*y**2 - 2*y - 1. Determine h(-1).
45
Let d(h) = h**3 + 3*h**2 + 4*h + 4. Determine d(-3).
-8
Let i(a) = -a**3 + 9*a**2 - 10*a + 16. Give i(8).
0
Let z(y) = y**3 - 27*y**2 + 25*y + 33. What is z(26)?
7
Let q(v) = 2*v**2 - 2*v - 3. Calculate q(2).
1
Let f(d) = -30*d - 1. Calculate f(-1).
29
Let g(l) = 9*l**2 + 5*l - 3. What is g(-4)?
121
Let l(p) = -p**3 - 9*p**2 - 12*p + 5. Determine l(-7).
-9
Let c(l) = -65*l**2 + 5*l + 1. What is c(-1)?
-69
Let u(d) = -3*d + 2. Give u(4).
-10
Let f(j) = j**2 - 8*j + 4. Calculate f(6).
-8
Let a(u) = -u**3 + 7*u**2 - 6*u + 2. Calculate a(6).
2
Let y(r) = r**3 - 2*r**2 + r - 4. Calculate y(0).
-4
Let l(i) = -3*i**2 - 2*i. Calculate l(-2).
-8
Let w(m) = m**2 + 14*m - 41. What is w(-17)?
10
Let s(r) = -r**3 + 6*r**2 + 10*r - 7. Determine s(7).
14
Let b(l) = -2*l**2 - 52*l - 3. Calculate b(-26).
-3
Let h(n) = -3*n - 2. Determine h(-3).
7
Let z(r) = 10*r - 14. What is z(4)?
26
Let t(v) = v**2 - 16*v - 4. Give t(12).
-52
Let t(v) = 3*v - 1. Give t(3).
8
Let q(l) = 3*l**2 - 19*l + 8. Calculate q(6).
2
Let p(a) = 5*a**2 + 1. Determine p(2).
21
Let i(d) = -4*d**2 + 7. Calculate i(5).
-93
Let h(v) = 2*v**2 - 40*v + 18. Give h(20).
18
Let c(l) = 2*l**3 + 8*l**2 - 8*l + 3. What is c(-5)?
-7
Let c(p) = -p**2 + 8*p - 9. What is c(7)?
-2
Let t(j) = -j**3 + 6*j**2 + 3*j + 30. Calculate t(7).
2
Let s(y) = 4*y**3 - 2*y**2 + y + 2. Calculate s(-1).
-5
Let t(c) = -2*c**2 + 15*c - 1. Determine t(7).
6
Let z(r) = 6*r**3 - 2*r**2 - 3*r - 2. Calculate z(-1).
-7
Let n(o) = 4*o - 28. Give n(8).
4
Let j(p) = -7*p + 32. Determine j(6).
-10
Let x(a) = -2*a**3 + 5*a**2 - 3*a. Determine x(4).
-60
Let n(g) = -g**2 + 14*g + 5. Give n(14).
5
Let i(h) = -h**3 + 30*h**2 + h - 22. Determine i(30).
8
Let w(h) = -5*h + 15. What is w(5)?
-10
Let v(j) = -2*j + 1. What is v(4)?
-7
Let q(x) = x**3 + 2*x**2 - x - 4. What is q(-3)?
-10
Let p(t) = -22*t - 6. Calculate p(-1).
16
Let p(t) = -6*t + 37. Calculate p(14).
-47
Let n(f) = 9*f + 20. Calculate n(-3).
-7
Let g(m) = 6*m + 17. What is g(-3)?
-1
Let p(m) = m**3 + 24*m**2 + 18*m - 108. Determine p(-23).
7
Let c(x) = -x**3 + 9*x**2 + 2*x - 17. Determine c(9).
1
Let c(o) = -36*o**2 - o - 2. Determine c(-1).
-37
Let y(l) = l**2 + 4*l + 1. Give y(-7).
22
Let l(q) = 7*q**2 - 5*q + 5. What is l(2)?
23
Let v(u) = -u**2 - 81*u - 991. Calculate v(-66).
-1
Let r(m) = 5*m - 35. Determine r(31).
120
Let n(l) = 3*l**2 + 18*l - 32. Calculate n(-7).
-11
Let n(k) = -k**3 + 54*k**2 - 54*k + 47. Determine n(53).
-6
Let b(q) = 17*q + 227. Calculate b(-14).
-11
Let l(s) = -25*s + 125. What is l(5)?
0
Let z(l) = -2*l**3 + 25*l**2 + 3*l + 27. What is z(13)?
-103
Let b(k) = -3*k - 6. Calculate b(-3).
3
Let h(j) = j**2 - 19*j + 54. What is h(15)?
-6
Let c(h) = -3*h**3 + 2*h**2 + 3*h - 6. Calculate c(2).
-16
Let u(b) = b**3 - 6*b**2 - 23*b + 129. Determine u(7).
17
Let k(r) = 3*r**3 - 11*r**2 + 10*r - 9. Give k(3).
3
Let l(h) = 2*h**3 - 2*h**2 - h + 4. Calculate l(1).
3
Let y(g) = 2*g - 64. Determine y(28).
-8
Let a(y) = y - 41. Give a(-23).
-64
Let b(w) = 17*w - 30. Give b(4).
38
Let q(c) = 5*c**2 - 2*c - 13. What is q(5)?
102
Let m(o) = -15*o - 22. Determine m(-2).
8
Let c(w) = -w + 26. Determine c(-4).
30
Let m(o) = -o**2 + 15*o - 8. Give m(15).
-8
Let m(d) = d**2 - 16*d + 29. Calculate m(13).
-10
Let n(t) = -2*t**3 - 95*t**2 + 147*t - 5. What is n(-49)?
-5
Let v(c) = -c**3 + 14*c**2 - 49*c - 4. Determine v(8).
-12
Let u(f) = f**3 - 6*f**2 - 6*f + 44. Calculate u(4).
-12
Let h(r) = 3*r + 4. Calculate h(-3).
-5
Let w(d) = 2*d**2 + 3*d - 1. Give w(-3).
8
Let g(k) = -3*k**3 + k**2 - 1. What is g(2)?
-21
Let a(r) = -9*r - 17. Give a(-6).
37
Let g(o) = -4*o - 14. Give g(-5).
6
Let v(k) = -7*k - 6. What is v(-5)?
29
Let c(r) = 2*r**2 - 27*r + 112. Give c(6).
22
Let u(z) = 3*z**2 - 15*z + 5. Calculate u(4).
-7
Let y(u) = -2*u**3 - 21*u**2 + 14*u + 39. Give y(-11).
6
Let i(k) = k**3 + k**2 - 4*k - 1. What is i(-3)?
-7
Let r(b) = b**3 - 16*b**2 + 15*b + 7. Determine r(15).
7
Let i(s) = 6*s + 21. Determine i(-6).
-15
Let u(o) = o**2 + 12*o - 16. Give u(-16).
48
Let y(z) = z**3 + 9*z**2 + 13*z - 8. Determine y(-7).
-1
Let t(s) = -s**2 + 21*s - 25. Calculate t(20).
-5
Let f(z) = 14*z + 74. Determine f(-6).
-10
Let b(q) = -q - 10. Determine b(-1).
-9
Let n(t) = t**2 + 5*t - 1. Calculate n(-6).
5
Let a(p) = p**3 - 5*p**2 + 4*p - 2. What is a(5)?
18
Let k(p) = -p**3 + 4*p**2 - 2*p - 1. Give k(2).
3
Let m(o) = -98*o + 492. Give m(5).
2
Let f(g) = -11*g + 27. Determine f(2).
5
Let l(s) = -s**3 - 4*s**2 - 4*s. Determine l(-3).
3
Let m(f) = f**3 + 9*f**2 + 14*f - 6. Calculate m(-6).
18
Let k(d) = -2*d**3 + 3*d**2 - 1. Determine k(2).
-5
Let o(t) = t**2 - 2. What is o(-4)?
14
Let x(s) = -4*s + 27. Determine x(6).
3
Let p(y) = y**2 - 23*y + 115. What is p(17)?
13
Let r(x) = -x**3 - 10*x**2 + 10*x - 17. Calculate r(-11).
-6
Let b(l) = -18*l + 1. Calculate b(2).
-35
Let y(u) = -2*u**2 - 27*u - 28. Give y(-13).
-15
Let g(f) = 2*f - 30. Give g(7).
-16
Let k(u) = 11*u**2 + 2*u - 1. Calculate k(-3).
92
Let o(m) = -m**2 - 17*m - 59. Give o(-12).
1
Let c(x) = x**3 + 27*x**2 + 23*x - 77. Calculate c(-26).
1
Let l(k) = -11*k - 155. Determine l(-14).
-1
Let a(t) = t**3 + 4*t**2 + t. Give a(-3).
6
Let p(k) = -28*k**3 - 2*k**2 - k + 1. Give p(-1).
28
Let o(u) = 2*u + 3. What is o(1)?
5
Let u(p) = -p**3 + 5*p**2 - 2*p - 13. Determine u(3).
-1
Let f(i) = -i**3 - 5*i**2 - 6*i - 43. Give f(-5).
-13
Let r(t) = t**3 - 10*t**2 + 13*t - 31. Calculate r(9).
5
Let a(b) = 35*b + 202. Determine a(-6).
-8
Let o(l) = -l**2 - 10*l - 2. Give o(-5).
23
Let d(h) = -2*h + 4. What is d(5)?
-6
Let c(x) = 2*x + 71. Determine c(32).
135
Let c(b) = -48*b + 360. Determine c(8).
-24
Let k(u) = u**2 + 2*u - 7. Determine k(-6).
17
Let j(z) = z**3 - 4*z**2 + 11. Calculate j(0).
11
Let a(z) = z**2 - 13*z - 3. What is a(10)?
-33
Let v(q) = -37*q**2 + 5*q. What is v(1)?
-32
Let p(q) = -q + 3. Determine p(2).
1
Let w(n) = 2*n**2 - 8. Determine w(2).
0
Let a(r) = -4*r + 2. Calculate a(-2).
10
Let n(k) = 14*k + 37. What is n(-3)?
-5
Let p(g) = -g**3 + 13*g**2 - 13*g + 6. Give p(12).
-6
Let t(o) = -2*o - 25. Give t(-16).
7
Let w(a) = -3*a - 2. Give w(9).
-29
Let u(q) = 6*q**2 + 2*q - 3. Give u(3).
57
Let x(j) = -j**2 + 7*j + 3. Determine x(6).
9
Let j(b) = 3*b**3 + 3*b**2 - 3*b + 1. Calculate j(2).
31
Let v(t) = -t**2 + 8*t + 7. Calculate v(12).
-41
Let a(k) = -k**3 + 9*k**2 + 5. What is a(9)?
5
Let x(p) = -p**3 - 6*p**2 + 18*p + 8. Determine x(-8).
-8
Let i(l) = 4*l + 40. Calculate i(-9).
4
Let k(n) = 22*n**3 + n**2 - 1. Give k(-1).
-22
Let a(p) = p**2 + 20. What is a(0)?
20
Let v(l) = l**3 + 7*l**2 - 6*l + 6. Give v(-8).
-10
Let j(z) = -z**3 - 5*z**2 + z + 12. Determine j(-5).
7
Let j(b) = 10*b + 138. What is j(-14)?
-2
Let f(a) = 9*a**2 + 8*a + 3. What is f(-2)?
23
Let k(r) = 6*r - 50. Give k(10).
10
Let t(v) = -v**2 - 5*v. Calculate t(4).
-36
Let b(u) = -3*u + 15. What is b(11)?
-18
Let g(o) = o**3 - 8*o**2 + 3*o - 13. What is g(6)?
-67
Let s(n) = 4*n - 70. Calculate s(23).
22
Let w(c) = 14*c + 252. Determine w(-17).
14
Let b(a) = -a**3 + 9*a**2 + 11*a + 24. Give b(10).
34
Let y(m) = 2*m**2 - 9*m - 2. What is y(7)?
33
Let o(u) = -3*u - 3. Calculate o(-4).
9
Let k(b) = -4*b - 48. Calculate k(-10).
-8
Let b(u) = -u**3 - 11*u**2 - 10. What is b(-11)?
-10
Let d(u) = 2*u - 20. What is d(9)?
-2
Let o(r) = 56*r - 162. Calculate o(3).
6
Let z(j) = 5*j**2 + 24*j + 13. Calculate z(-4).
-3
Let j(t) = t**3 - 21*t**2 + 21*t - 26. Give j(20).
-6
Let t(v) = -v**3 + 3*v**2 + 10*v + 2. Give t(5).
2
Let s(z) = -z**3 + 10*z**2 + 9*z + 13. What is s(11)?
-9
Let b(c) = -c**3 - 8*c**2 - c + 3. Calculate b(-8).
11
Let g(x) = 4*x + 7. Determine g(-7).
-21